pose 127 = 8*i - x. List the prime factors of i.
3, 59
What are the prime factors of (-11 + (-135)/(-10))*719*24?
2, 3, 5, 719
Suppose 19*i = 15*i + t - 22, 2*t = 4. What are the prime factors of 627 + (-4 - 2*(4 + i))?
5
Suppose 73*i = -64*i + 101928. Suppose -65 = -4*h - 4*l + 27, -h = -2*l - 14. Suppose -12*x + h*x = i. List the prime factors of x.
3, 31
Let i(n) = -4*n - 11 - 2*n - 7*n + n**2. What are the prime factors of i(14)?
3
Suppose 4*k - 42 = 2*r - 4*r, 3*r - 30 = -3*k. Suppose -3*j + k*j - 272 = 0. List the prime factors of j.
2, 17
Suppose 0 = -3*l + 148 + 26. Let y = l - 55. Suppose -65 = -y*u + 25. List the prime factors of u.
2, 3, 5
Let v(d) = -981*d**3 - 5*d**2 + 19*d + 42. List the prime factors of v(-2).
2, 11, 89
Suppose 0 = -14*o + 39 + 17. Suppose -5*k - 20 = 0, k + 4 = -o*n - 0*k. Suppose 3*r + 3*b - 297 = n, 2*r = -3*r + 5*b + 505. List the prime factors of r.
2, 5
Let h(j) = -3*j**3 - 19 + 9 - 11*j**2 + j + 10*j + 2*j**3. Let y be h(-12). Suppose y*q = -3*g + 178 + 98, -3*g - 6 = 0. List the prime factors of q.
3, 47
Let u = 31 + -27. Let f(q) = -16*q + 22. Let w be f(u). What are the prime factors of 4/(-2)*w/4?
3, 7
Suppose 3*h + 32278 = -39470. What are the prime factors of h/(-54) + (-2)/(-18)?
443
Let f = -59 - -77. Let k(m) = 89*m - 159. What are the prime factors of k(f)?
3, 13, 37
Suppose -19*b + 4*r + 25727 = -16*b, 5*b + 4*r - 42889 = 0. List the prime factors of b.
3, 953
Let k be (-3 - -10) + (-3 - -1). Let w be (-10 - (-15)/3)*k. Let q = 77 + w. List the prime factors of q.
2, 13
Suppose -3*w - 16 + 19 = 0. Suppose 4*a + 5*q - w = 5, -2*a + 18 = -5*q. Suppose -a*j = -6 - 122. What are the prime factors of j?
2
Let r(t) = -579*t + 2882. What are the prime factors of r(-6)?
2, 7, 227
Let q = -17538 + 18230. Suppose -5*u + 988 = -372. Suppose u - q = -7*y. What are the prime factors of y?
2, 3, 5
Suppose -o - 36 = -g, -104 = -0*o + 3*o + g. Let j = 39 + o. Suppose 3*u - d = j*d + 43, u - 5*d = 31. List the prime factors of u.
2, 3
Let d = -269 - -274. Suppose 0 = -9*q + d*q + 2780. What are the prime factors of q?
5, 139
Suppose -334144 = -582*h + 566*h. What are the prime factors of h?
2, 23, 227
Suppose -8163 = 3*i - 4*s - 79399, 94990 = 4*i - s. What are the prime factors of i?
2, 3, 1979
List the prime factors of 2*39281/22 + -15.
2, 7, 127
Let b(t) = -2*t - 40. Let o be b(-7). Let u(j) = j**3 - 2*j**2 - 7*j + 3. Let l be u(5). Let a = o + l. What are the prime factors of a?
17
Let g = -188 - -213. Let u(r) = 3*r**2 - 62*r + 41. What are the prime factors of u(g)?
2, 3, 61
Suppose -6*u + 145399 = -86465. List the prime factors of u.
2, 9661
Let n be (60/25 - 6/(-10)) + -78. Let w = n - -172. What are the prime factors of w?
97
Suppose f + 1 = -d, 5*f - 7*f = 8. Suppose 0 = -d*v - i + 502, v + 3*i - 21 = 141. List the prime factors of v.
2, 3, 7
Let g(d) = 1402*d**2 - 9*d + 35. List the prime factors of g(4).
3, 7477
Let p(f) = -37*f - 1. Let g be p(2). Let r = 36 - 36. List the prime factors of r + 0 - (g - -8).
67
Let i(v) = -3*v**2 + 73*v - 24. Suppose 0 = 25*s - 0*s - 550. What are the prime factors of i(s)?
2, 5, 13
Let a(f) = -801*f - 6166. What are the prime factors of a(-86)?
2, 5, 7
Suppose -4*k + 3*y + 2*y + 27 = 0, k - 3*y = 12. Suppose -o - k + 0 = -4*s, 2*o = 2*s + 12. Suppose -o*q + 500 = -4*q. List the prime factors of q.
2, 5
Suppose 5*t + 2 = v, 8*t = 3*t - 5. Let i(f) = -28*f - 64. What are the prime factors of i(v)?
2, 5
Let a(j) = 41*j**2 + 40*j - 117. What are the prime factors of a(8)?
11, 257
Suppose -5*n - 40 = -13*n. What are the prime factors of (-2)/(-6)*(-30)/n - -187?
5, 37
Suppose 14 = z - 2*h + 4*h, 3*h = -2*z + 24. Suppose -4*r + 2*n = 2, -z*r - 5*n + 5 = -r. Suppose r*u = -u + 150. What are the prime factors of u?
2, 3, 5
Let i be 1*31 + 33/((-462)/(-56)). Let j = i + 252. List the prime factors of j.
7, 41
Suppose -5*f + 7 = -2*b, 2*b - 17 = 2*f - 5*f. Suppose b*j = -3 - 5. List the prime factors of (1/2)/(j/(-548)).
137
Suppose 3*z - 22363 = -4*n, -2 - 1 = -3*n. List the prime factors of z.
29, 257
Let q(z) be the third derivative of z**6/120 - z**5/12 + z**4/12 + 13*z**3/6 + z**2. Let u be (9/270*10)/1*21. What are the prime factors of q(u)?
5
Let w = -375 - -381. Suppose 339 = -w*v + 2037. List the prime factors of v.
283
Suppose 6*z + 286 = 106. What are the prime factors of ((-10060)/z)/((-4)/(-6)) + -2?
3, 167
Let b = -71015 - -137594. What are the prime factors of b?
3, 22193
Let f = -95128 - -176485. List the prime factors of f.
3, 47, 577
Let z(j) = j**2 - j + 3. Let f be z(0). Suppose 0 = p - 2*p. Suppose -x - f = p, b + 3*x - 37 = x. List the prime factors of b.
43
Let x(d) = -d**2 - 20*d - 19. Suppose -z - 3 = 2*k - 21, 3*z = -5*k + 43. Let n = k + -19. What are the prime factors of x(n)?
7, 11
Let d(j) = -13*j - 56. Let w be d(-5). What are the prime factors of (-1755)/30*(-84)/w?
2, 3, 7, 13
Suppose b = 3*i + 5*b + 14, 2*i - 5*b = 29. Suppose -i*s = -11*s + 36. Suppose -s*v - 2*v + 510 = 0. List the prime factors of v.
5, 17
Suppose 0 = 27*v + 310 - 94. What are the prime factors of 2190/9 - v/(-6)?
2, 11
Let z = 1 + -8. Let i(j) = 21*j**2 + 7*j + 27. What are the prime factors of i(z)?
19, 53
Let a(g) = -g**3 + 22*g**2 - 16*g - 38. Suppose 27*m - 22*m = 105. What are the prime factors of a(m)?
67
Let p be (-118)/(-295)*(5 + 0). Suppose -p*s = -4*i - 275 - 193, s - 213 = -5*i. List the prime factors of s.
2, 3, 19
Let g(p) = 7 - p**3 + 92*p - 46*p + 3*p**2 - 42*p. Let h be g(-3). What are the prime factors of h/(-2 + 3) - 0?
7
Suppose 0 = -30*k + 31*k - 2. Suppose 0 = -2*d + k + 4. Suppose 57 - d = 6*v. What are the prime factors of v?
3
Let l be (7/(-14) - 6)/(2/(-20)). Suppose 245 = 4*m - 2*i + i, 0 = m - i - l. Let x = 119 - m. List the prime factors of x.
59
What are the prime factors of (-356136)/(-10) + 126/(-210)?
3, 1319
Suppose 54*y = -3*v + 55*y + 38567, 2*y - 25714 = -2*v. What are the prime factors of v?
2, 1607
Suppose -2645148 = -50*h - 8*h. List the prime factors of h.
2, 3, 11, 691
Let t(j) = 5*j - 35. Let n be t(7). Suppose 2*w + 18 - 344 = n. What are the prime factors of w?
163
Let q(u) = -385*u + 176. What are the prime factors of q(-26)?
2, 11, 463
Let n = 67 - 65. What are the prime factors of 4*2*(n + 8)?
2, 5
Let j(t) = -453*t + 66. Let n be j(-5). Suppose n = -15*v + 18*v. List the prime factors of v.
3, 7, 37
Let d(u) = 118*u + 1670. List the prime factors of d(15).
2, 5, 43
Let y = 15723 - 10578. Suppose -8*d + d = -y. List the prime factors of d.
3, 5, 7
Let q(v) = 45*v - 91. Let i be q(10). Suppose -31*b + i = -17528. What are the prime factors of b?
577
Let d(s) = -2675*s**3 - 2*s**2 - 13*s - 11. Let k be d(-1). Let o = k - 1676. What are the prime factors of o?
3, 37
Suppose 3*k - 5*q = -7*q + 2069, 3442 = 5*k - 3*q. Suppose k = -10*o + 3339. What are the prime factors of o?
5, 53
Suppose 6*b + 6*b = 116499 + 105657. List the prime factors of b.
3, 11, 17
Let m(y) be the third derivative of -y**6/120 - y**5/10 - 23*y**4/24 - y**3/6 - 9*y**2 - 4. What are the prime factors of m(-8)?
311
Let t(u) = u**2 - u - 87. Let l be t(0). Let a = -93 - l. What are the prime factors of (64/a)/8*-72?
2, 3
Let b = 12 + -2. What are the prime factors of (-1)/((b/(-15))/(-1 + 167))?
3, 83
Suppose 0 = 9*x + x - 14380. Let d = 2374 - x. List the prime factors of d.
2, 3, 13
Suppose 25*h - 24*h - 2 = 0. Suppose -h*v = 17*o - 21*o + 624, -v = -4. What are the prime factors of o?
2, 79
Let h = -186 - -210. What are the prime factors of h/9*(-8232)/(-32) + 0?
2, 7
Suppose 11 = -4*d - 3*z, z = 5*d + 3*z + 12. Let u be d/(429/555 - (-20)/(-25)). Suppose 73*p = u*p - 274. List the prime factors of p.
2, 137
Let m(d) = -2*d**2 + 10*d - 13. Let w be m(6). Let z = w - -33. Let p(y) = y**3 - 5*y**2 - 14*y + 14. What are the prime factors of p(z)?
2, 47
Let o(c) = 7*c - 10. Let n be o(5). Let a(r) = 25 + 4*r - n. List the prime factors of a(9).
2, 3
Suppose 0 = -4*l, -5*b + 2*l + 10 = 6*l. Suppose -p = 3*h - 38, 0*h - b*h - p = -26. What are the prime factors of ((-38)/h*-3)/(1/14)?
7, 19
Let r(n) = -22*n - 17. Suppose -9*v = -38 + 128. List the prime factors of r(v).
7, 29
Let k(w) = -3719*w - 679. List the prime factors of k(-7).
2, 7, 1811
Suppose -1